
What is the remainder when 552 is divided by 93?
87
What is the remainder when 39 is divided by 31?
8
Calculate the remainder when 9 is divided by 4.
1
What is the remainder when 712 is divided by 148?
120
What is the remainder when 323 is divided by 102?
17
What is the remainder when 356 is divided by 117?
5
What is the remainder when 1511 is divided by 146?
51
What is the remainder when 747 is divided by 16?
11
Calculate the remainder when 1660 is divided by 553.
1
What is the remainder when 79 is divided by 9?
7
What is the remainder when 733 is divided by 640?
93
Calculate the remainder when 655 is divided by 32.
15
Calculate the remainder when 821 is divided by 94.
69
Calculate the remainder when 60 is divided by 17.
9
What is the remainder when 235 is divided by 178?
57
Calculate the remainder when 743 is divided by 73.
13
What is the remainder when 603 is divided by 16?
11
Calculate the remainder when 3968 is divided by 63.
62
What is the remainder when 157 is divided by 88?
69
Calculate the remainder when 1624 is divided by 6.
4
What is the remainder when 2765 is divided by 127?
98
Calculate the remainder when 3220 is divided by 190.
180
What is the remainder when 6088 is divided by 7?
5
Calculate the remainder when 1233 is divided by 411.
0
Calculate the remainder when 130 is divided by 59.
12
What is the remainder when 589 is divided by 286?
17
What is the remainder when 68 is divided by 25?
18
What is the remainder when 504 is divided by 170?
164
Calculate the remainder when 101 is divided by 4.
1
Calculate the remainder when 53 is divided by 19.
15
Calculate the remainder when 399 is divided by 27.
21
What is the remainder when 71 is divided by 15?
11
What is the remainder when 15 is divided by 4?
3
Calculate the remainder when 155 is divided by 13.
12
What is the remainder when 84 is divided by 45?
39
Calculate the remainder when 701 is divided by 19.
17
Calculate the remainder when 1089 is divided by 84.
81
What is the remainder when 93 is divided by 16?
13
Calculate the remainder when 212 is divided by 95.
22
Calculate the remainder when 4479 is divided by 10.
9
Calculate the remainder when 1436 is divided by 44.
28
Calculate the remainder when 295 is divided by 32.
7
What is the remainder when 1343 is divided by 96?
95
What is the remainder when 318 is divided by 65?
58
Calculate the remainder when 60 is divided by 21.
18
Calculate the remainder when 75 is divided by 24.
3
Calculate the remainder when 530 is divided by 51.
20
Calculate the remainder when 889 is divided by 33.
31
Calculate the remainder when 2863 is divided by 130.
3
What is the remainder when 304 is divided by 6?
4
Calculate the remainder when 188 is divided by 9.
8
Calculate the remainder when 2985 is divided by 991.
12
What is the remainder when 390 is divided by 73?
25
What is the remainder when 5938 is divided by 27?
25
Calculate the remainder when 2101 is divided by 1040.
21
What is the remainder when 128 is divided by 16?
0
What is the remainder when 193 is divided by 49?
46
What is the remainder when 355 is divided by 55?
25
Calculate the remainder when 50 is divided by 29.
21
Calculate the remainder when 49 is divided by 18.
13
Calculate the remainder when 6761 is divided by 21.
20
What is the remainder when 187 is divided by 39?
31
Calculate the remainder when 1870 is divided by 24.
22
What is the remainder when 180 is divided by 4?
0
Calculate the remainder when 5212 is divided by 40.
12
Calculate the remainder when 383 is divided by 24.
23
What is the remainder when 72 is divided by 3?
0
Calculate the remainder when 6470 is divided by 8.
6
What is the remainder when 294 is divided by 63?
42
Calculate the remainder when 115 is divided by 60.
55
What is the remainder when 604 is divided by 24?
4
Calculate the remainder when 364 is divided by 35.
14
What is the remainder when 327 is divided by 82?
81
What is the remainder when 1075 is divided by 23?
17
What is the remainder when 568 is divided by 113?
3
Calculate the remainder when 273 is divided by 92.
89
Calculate the remainder when 3710 is divided by 14.
0
What is the remainder when 524 is divided by 35?
34
What is the remainder when 6493 is divided by 89?
85
Calculate the remainder when 434 is divided by 131.
41
Calculate the remainder when 370 is divided by 121.
7
What is the remainder when 189 is divided by 97?
92
Calculate the remainder when 1158 is divided by 234.
222
What is the remainder when 86 is divided by 22?
20
What is the remainder when 4998 is divided by 41?
37
Calculate the remainder when 927 is divided by 32.
31
Calculate the remainder when 124 is divided by 21.
19
Calculate the remainder when 2098 is divided by 266.
236
Calculate the remainder when 1012 is divided by 35.
32
What is the remainder when 102 is divided by 93?
9
What is the remainder when 50 is divided by 20?
10
Calculate the remainder when 5526 is divided by 14.
10
Calculate the remainder when 580 is divided by 211.
158
Calculate the remainder when 158 is divided by 32.
30
What is the remainder when 811 is divided by 46?
29
What is the remainder when 254 is divided by 16?
14
Calculate the remainder when 117 is divided by 93.
24
What is the remainder when 338 is divided by 115?
108
What is the remainder when 546 is divided by 4?
2
Calculate the remainder when 779 is divided by 65.
64
What is the remainder when 646 is divided by 11?
8
What is the remainder when 502 is divided by 21?
19
What is the remainder when 67 is divided by 48?
19
Calculate the remainder when 1265 is divided by 311.
21
What is the remainder when 80 is divided by 16?
0
What is the remainder when 2328 is divided by 145?
8
Calculate the remainder when 25 is divided by 16.
9
What is the remainder when 372 is divided by 34?
32
Calculate the remainder when 252 is divided by 32.
28
Calculate the remainder when 465 is divided by 26.
23
What is the remainder when 12919 is divided by 177?
175
Calculate the remainder when 326 is divided by 22.
18
What is the remainder when 1348 is divided by 25?
23
What is the remainder when 245 is divided by 41?
40
What is the remainder when 203 is divided by 94?
15
Calculate the remainder when 320 is divided by 12.
8
What is the remainder when 164 is divided by 21?
17
What is the remainder when 3274 is divided by 654?
4
Calculate the remainder when 1426 is divided by 119.
117
What is the remainder when 815 is divided by 68?
67
What is the remainder when 522 is divided by 281?
241
What is the remainder when 5605 is divided by 698?
21
Calculate the remainder when 648 is divided by 21.
18
Calculate the remainder when 103 is divided by 85.
18
What is the remainder when 12 is divided by 1?
0
What is the remainder when 11711 is divided by 17?
15
What is the remainder when 4558 is divided by 97?
96
What is the remainder when 430 is divided by 55?
45
Calculate the remainder when 2841 is divided by 49.
48
Calculate the remainder when 230 is divided by 55.
10
What is the remainder when 11240 is divided by 173?
168
Calculate the remainder when 107 is divided by 23.
15
Calculate the remainder when 135 is divided by 69.
66
What is the remainder when 93 is divided by 16?
13
What is the remainder when 238 is divided by 35?
28
What is the remainder when 55 is divided by 15?
10
What is the remainder when 10248 is divided by 205?
203
What is the remainder when 86 is divided by 37?
12
Calculate the remainder when 440 is divided by 28.
20
Calculate the remainder when 133 is divided by 32.
5
Calculate the remainder when 241 is divided by 27.
25
What is the remainder when 73 is divided by 17?
5
Calculate the remainder when 522 is divided by 25.
22
Calculate the remainder when 148 is divided by 20.
8
Calculate the remainder when 1075 is divided by 20.
15
Calculate the remainder when 388 is divided by 147.
94
What is the remainder when 10497 is divided by 25?
22
What is the remainder when 859 is divided by 194?
83
What is the remainder when 1934 is divided by 963?
8
Calculate the remainder when 110 is divided by 19.
15
What is the remainder when 196 is divided by 114?
82
Calculate the remainder when 162 is divided by 123.
39
What is the remainder when 2892 is divided by 145?
137
What is the remainder when 254 is divided by 16?
14
Calculate the 